5*l. Let t be j(-5). Give f(t).
-6
Let l(u) = -u**2 - 7*u + 3. Let m = 28 - 32. Let z be (-6 - -4)*(-2)/m. Let t be (2 - 4) + -1 + z. Calculate l(t).
15
Let p(n) = 2*n**2 - 4*n + 3. Let h(a) = -3*a**2 + 9*a - 1. Let x(y) = -4*h(y) - 7*p(y). Determine x(-4).
-17
Let s(o) = 4*o - 15. Let i(p) = 18*p - 80. Let b(f) = -2*i(f) + 6*s(f). Determine b(5).
10
Suppose 4*l + 6 = -2*w, 0 = -l - 9 + 4. Let i(m) = 1 + 0*m + 2*m + 2. Calculate i(w).
17
Suppose -4*x - 124*x = -768. Let n(t) = -t**2 + 6*t - 12. Give n(x).
-12
Let a(i) be the third derivative of -3/8*i**4 + 0*i + 1/2*i**3 + 0 + 46*i**2. What is a(3)?
-24
Let u(i) = 23*i - 2347. Let t(r) = 18*r - 1825. Let z(m) = -9*t(m) + 7*u(m). Let x(v) = v**2 - 5*v - 2. Suppose 0 = -3*c - c + 16. Let n be x(c). Give z(n).
2
Let q(w) = -w**2 + 12*w - 20. Suppose 94*b = 118*b - 216. What is q(b)?
7
Let c be (2*1)/((-312)/780) - -8. Let v(d) = 5*d - 2 - 1 - 3*d - 3*d. Determine v(c).
-6
Let k = 126 + -141. Let l be 3*-1 + (-165)/k. Let y(m) = m**3. Let g(b) = -2*b**3 - 8*b**2 + b - 9. Let w(d) = g(d) + 3*y(d). Determine w(l).
-1
Let w(c) = c**2 - 3*c - 6. Let z be w(5). Suppose 4*l + z*d + 43 = 175, -2*l + 2*d = -78. Suppose 6*n + l = -6*n. Let p(t) = t**3 + t**2 - t + 3. Give p(n).
-12
Let a(b) be the first derivative of 3/2*b**2 + 6*b - 1. Let l(f) = -7*f - 5. Let m be l(0). What is a(m)?
-9
Suppose i = -2 - 6. Let q(u) be the second derivative of -5/2*u**2 + 19*u + 1/12*u**4 - 6 + 7/6*u**3. Give q(i).
3
Let i = -116 + 118. Let t(r) = 23*r**i + 0 + 6 - 7*r - 8*r**2 - r**3 - 9*r**2. What is t(5)?
-4
Suppose -5*f + 14 + 16 = -5*d, -d = 5*f. Let q(w) = 4*w + 0*w + 20*w**2 - f - 18*w**2 + 2*w. Give q(-4).
7
Suppose -2*c + 2*n + 12 = 0, -44*c + 47*c - 138 = -12*n. Let t(a) = a - 5. Calculate t(c).
9
Let g(t) = -4*t**3 - 9*t**2 - 5*t - 2. Let a be g(-3). Let k(f) = -10 - 15 - 6 + f + a - 11. Calculate k(-4).
-6
Suppose -3*y = -2*o, -4*y - 50 = -58. Let r(x) be the third derivative of 5*x**4/24 + x**3/3 + x**2. What is r(o)?
17
Let k(z) = z**2 - z - 2. Let n be k(-2). Suppose -4*x + m = -16, -2*m - 1 + 5 = n*x. Suppose -x*j = 16 - 1. Let o(c) = c**3 + 6*c**2 + 5*c + 2. Determine o(j).
2
Let a(q) = 3*q - 4*q + q**3 + 0*q**2 + 3*q - 11 - 5*q**2. Suppose 5*v = 9*i + 79, 0 = 2*v + 23*i - 25*i - 22. What is a(v)?
-1
Let p = 9 - 14. Let h(c) = c - 38. Let s(i) = 2*i - 57. Let t(a) = p*s(a) + 7*h(a). Let q be t(3). Let g(n) = -n**2 + 11*n - 5. Determine g(q).
5
Let t(i) = -21*i**2 - 260*i + 28. Let k(x) = -7*x**2 - 81*x + 9. Let l(u) = -13*k(u) + 4*t(u). Determine l(-3).
19
Let l(p) be the first derivative of -p**3/3 - 5*p**2/2 - p + 70. Determine l(4).
-37
Let l(n) = 5*n**2 - 8*n - 5. Let y(d) = 9*d**2 - 16*d - 12. Let k(j) = -7*l(j) + 4*y(j). Suppose -253*h + 250*h = -27. Calculate k(h).
-4
Let x(m) = 4*m**2 - m. Let w = -28 - -14. Let t be ((-100)/75)/(3/27). Let n = t - w. Calculate x(n).
14
Let l(r) be the second derivative of 11*r + 0 + 3/2*r**2 + 1/12*r**4 + 1/2*r**3. Suppose 3*k - 29 = 5*d, k + 11 = -2*d + 2*k. Calculate l(d).
7
Let y(v) be the second derivative of v**5/20 + 2*v**4/3 + 4*v**3/3 + v**2/2 + 364*v - 25. Let r = -4 + -3. What is y(r)?
-6
Let j = 224 - 224. Let p(k) = -k**2 + 11*k - 1. Let a be p(j). Let q(d) = -d. Calculate q(a).
1
Let o(c) = -c**3 - 18*c**2 - 31*c - 19. Let f(i) = 15*i**2 + 68*i - 51. Let r be f(-5). Calculate o(r).
-35
Suppose 7*l = 7*l + 6*l + 24. Let x(c) = 2*c + 11. Calculate x(l).
3
Let w(n) = -n**3 + 9*n**2 - 41. Let v(l) = 3*l**3 - 29*l**2 + 128. Let z(j) = -6*v(j) - 19*w(j). Calculate z(0).
11
Let g(o) = -3*o**2 - 8*o + 1. Suppose 0 = -5*a - 15 + 35. Suppose 0 = -2*q + 61 - 63. Let t(s) = -s**2 - s + 1. Let w(y) = a*t(y) + q*g(y). Give w(4).
3
Suppose -3*c = 0, -8*a - 36 = -11*a + 3*c + 2*c. Let l(u) = -5*u**2 + 60*u + 2. Determine l(a).
2
Let o be 6/14*(-48 - (-105 - -43)). Let c(g) = -g**2 + 4*g - 30. Determine c(o).
-42
Let k = 130 + -120. Let w(p) = 2*p**2 - 18*p - 12. Give w(k).
8
Let b(t) be the first derivative of 3/2*t**2 + t - 1/3*t**3 + 44. Determine b(-5).
-39
Let n(t) = -t**2 + 12*t + 15. Let j(k) = -2*k**2 + 16*k - 1. Suppose -5*r + 13 = -4*d - 14, -r - 3*d + 13 = 0. Let y be j(r). Calculate n(y).
2
Suppose -v - 28 = -4*a, a + 3*a - 20 = 0. Let d(j) be the first derivative of j**2/2 + 16611. Give d(v).
-8
Let d = 32 - 30. Suppose -2*p - d*p = -3*x + 33, -3*p - 16 = -x. Let c(t) be the third derivative of -t**4/24 + 4*t**3/3 + 33*t**2. Determine c(x).
1
Let q(r) = 2*r**2 - 2*r - 2. Let l(f) = -f**2 - 1. Let o(y) = 3*l(y) + q(y). Suppose -163 - 266 = 13*a. Let v = a - -29. What is o(v)?
-13
Suppose 2*n + 213 - 1176 = -3*j, -5*n + 2391 = 2*j. Let w = 476 - n. Let u(f) = -f - 2 + 1 - f. What is u(w)?
1
Let z(c) = -c**3 + 5*c**2 + c - 5. Suppose 0 = -68*l + 81*l. Let j(r) = -7*r + 4. Let f be j(l). Calculate z(f).
15
Let a(v) = -46*v**2 + 17*v - 47. Let w(s) = 35*s**2 - 18*s + 46. Let y(o) = -3*a(o) - 4*w(o). What is y(8)?
-3
Let q(r) be the first derivative of r**2 + 28*r + 32 - 1/6*r**3. Let n(k) be the first derivative of q(k). Determine n(8).
-6
Suppose -135 = 2*a - 3*o, a = 2*o + 3*o - 50. Let v = a + 77. Suppose 0 = 3*t - v + 8. Let y(j) = -2*j - 1. What is y(t)?
3
Let u(m) be the third derivative of -m**8/10080 - m**7/5040 - m**6/360 - 67*m**5/60 - 2*m**2 + 37. Let p(d) be the third derivative of u(d). Give p(-2).
-8
Let p(f) = 9*f + 183 + 178 - 511 + 206. Calculate p(-6).
2
Let b(i) be the third derivative of -i**5/60 + i**4/12 + 7*i**3/2 + 20077*i**2 + 1. Let r = 4 + 2. Calculate b(r).
-3
Let p(i) = -8*i + 22. Let f be -4 + 61/9 + (-13)/(819/(-14)). Determine p(f).
-2
Let u(t) = t**2 + 30*t + 43. Suppose 5983*j - 5962*j + 609 = 0. Calculate u(j).
14
Let a(g) be the third derivative of -3*g**4/4 + g**3/6 + 18*g**2 - 6. Let t = -25 + 24. Calculate a(t).
19
Let s(d) = -d**2 + 10*d + 2. Let x(j) = j**3 + 4*j**2 + 3*j + 10. Let m be x(-5). Let t = m + 34. Suppose 24 = 2*a - t*r, 7*a - 45 = 2*a - 5*r. Calculate s(a).
2
Let o = 614 - 33. Suppose -6*r - r + o = 0. Let v(x) = -r*x + 1 + 149*x - 73*x - 5. Calculate v(-4).
24
Let t(p) = p**3 + 4*p**2 - 2*p - 2. Suppose 2618 = -5*n + 2608. Determine t(n).
10
Let w(l) = 11. Let y = 328 - 326. Let g(c) = c + 11. Let r(n) = y*w(n) - 3*g(n). Give r(-9).
16
Let c = 97 + -91. Let z(f) = 6 - 3 - 2*f**2 + 8*f - 15 + 3. Calculate z(c).
-33
Let d(t) = 267*t**2 - 76*t + 182. Let u(j) = -100*j**2 + 26*j - 61. Let y(b) = 3*d(b) + 8*u(b). Calculate y(15).
-17
Let d(f) = -2*f**2 + 5 - 3*f**2 - 207*f + 6 + 106*f + 104*f + f**3. Give d(3).
2
Suppose 459 = 81*j - 30*j. Let k(o) = 0*o + 0*o**2 - 10*o + 15 + o**2 - 13. Give k(j).
-7
Let m(p) = 14 - 43*p + 43 + 34 - 95. What is m(2)?
-90
Let y be 4/((-4)/(-8) - 24/(-80)). Let p(l) = -4*l + 7. Give p(y).
-13
Let j(q) = 58*q + 1868. Let k be j(-32). Let p(h) = -4*h**2 + 61*h - 69. Let y(d) = d**2 - 15*d + 17. Let f(x) = 2*p(x) + 9*y(x). Determine f(k).
3
Let i(g) = -2*g**2 + 6*g + 65. Suppose 27*d - 182 = 7. Calculate i(d).
9
Let l(v) be the second derivative of 5/6*v**3 + 27*v - 3/2*v**2 + 1. Give l(2).
7
Suppose 4*w = 3*w + 4. Let d(a) = -8*a - 144*a**2 + w + 6*a - a**3 + 150*a**2. Calculate d(6).
-8
Let h(c) = 475 + 21*c - 30*c - 491. What is h(-2)?
2
Suppose 4*c = 4*x + 24, -2 = -c - 4*x - 6. Suppose 0*b + 4*b - 5*f = 52, c*b + 5*f = 12. Let v(r) = -r**3 + 8*r**2 + 2. Determine v(b).
2
Let c(p) be the third derivative of -5*p**4/12 + p**3/6 - 155501*p**2. Let i(o) = -o - 5. Let t be i(-4). Determine c(t).
11
Let h(u) = -14 + 59 + 9*u + 7*u - 40. Let w(z) = -81*z - 27. Let j(t) = 21*h(t) + 4*w(t). Calculate j(2).
21
Let p = 108 + 1679. Suppose 1757 - p = -6*c. Let y(i) = -4*i - 4. Determine y(c).
-24
Let y(w) = 8*w - 3. Let n = -4445 + 4442. Give y(n).
-27
Suppose 0 = 5*r - 2*v - 15, 4*r + v + 16 = -3*v. Let p(l) be the second derivative of 19/6*l**3 + 0*l**2 - 16 + l. Determine p(r).
19
Let x(u) be the second derivative of 0 + u**2 + 1/6*u**3 + 9*u + 1/6*u**4. Let d = 31 - 33. Calculate x(d).
8
Let f = -117 + 143. Suppose 8*r - 54 = f*r. Let n(y) = y + 4. Determine n(r).
1
Let w(x) = x**2 - 4*x + 1. Let m(p) = -p - 7. Let s be m(-7). Suppose 3*o = -o + 24. Let t be s/(-13) + (-2)/2 + o. Give w(t).
6
Let y(k) = 0*k - k**3 - 5*k**2 - 4 + k + 4*k**2. Let w(o) = 2 - 11*o - 6 - 1 - o**2 - 5